50?
30
What is the highest common factor of 24 and 112872?
24
What is the greatest common divisor of 250 and 872450?
50
What is the highest common divisor of 216 and 334152?
216
Calculate the highest common divisor of 15 and 153915.
15
What is the greatest common factor of 88 and 311432?
88
Calculate the greatest common factor of 33048 and 510.
102
What is the greatest common divisor of 3897 and 16021?
433
Calculate the highest common factor of 6316755 and 1119.
1119
Calculate the greatest common factor of 98 and 386.
2
Calculate the greatest common factor of 515871 and 279.
279
What is the highest common factor of 108 and 23724?
36
What is the highest common divisor of 272024 and 88?
8
Calculate the greatest common divisor of 480056 and 16.
8
Calculate the highest common divisor of 54 and 2000286.
18
What is the greatest common divisor of 49384 and 32?
8
What is the greatest common factor of 675 and 101574?
27
What is the highest common divisor of 54320 and 5040?
560
What is the highest common divisor of 20 and 163080?
20
Calculate the greatest common factor of 4 and 8212.
4
What is the highest common factor of 370 and 3250450?
370
What is the greatest common divisor of 3465 and 11655?
315
What is the greatest common factor of 32376 and 5016?
456
Calculate the highest common factor of 788988 and 1332.
444
Calculate the highest common factor of 36088 and 1248.
104
What is the highest common divisor of 112 and 366304?
16
Calculate the highest common factor of 297 and 38016.
297
What is the greatest common divisor of 21 and 267141?
21
What is the greatest common divisor of 841 and 212483?
29
Calculate the greatest common divisor of 2467 and 3.
1
What is the greatest common divisor of 165802 and 728?
182
Calculate the highest common factor of 228450 and 300.
150
Calculate the highest common divisor of 102700 and 3400.
100
Calculate the greatest common factor of 5885 and 715.
55
Calculate the highest common divisor of 18 and 526842.
18
Calculate the highest common factor of 165528 and 33880.
968
What is the greatest common divisor of 7565 and 7387?
89
Calculate the greatest common divisor of 2736 and 568917.
171
What is the greatest common divisor of 11410 and 560?
70
What is the greatest common factor of 71495 and 9875?
395
Calculate the greatest common factor of 1182 and 141249.
591
What is the greatest common divisor of 103711 and 37?
37
What is the highest common factor of 6823968 and 288?
96
Calculate the highest common factor of 414 and 944334.
414
What is the greatest common divisor of 211194 and 108?
54
Calculate the highest common factor of 131765 and 190.
95
What is the greatest common factor of 68 and 34?
34
Calculate the highest common factor of 30516 and 48.
12
What is the greatest common factor of 5171168 and 64?
32
What is the highest common factor of 11176 and 55?
11
What is the highest common factor of 1156170 and 340?
170
Calculate the greatest common divisor of 32 and 5816.
8
Calculate the greatest common factor of 232 and 5452.
116
Calculate the highest common factor of 30636 and 690.
138
What is the greatest common factor of 36 and 168750?
18
Calculate the highest common divisor of 88944 and 5168.
272
What is the highest common factor of 3240 and 97605?
405
Calculate the greatest common factor of 91 and 1344.
7
Calculate the highest common factor of 127012 and 5620.
1124
Calculate the greatest common factor of 16 and 130864.
16
What is the highest common factor of 217420 and 280?
140
Calculate the highest common divisor of 1771 and 750442.
77
What is the greatest common factor of 353 and 3250777?
353
What is the greatest common divisor of 54713 and 3?
1
Calculate the greatest common factor of 5 and 308365.
5
What is the highest common divisor of 379227 and 15230?
1523
Calculate the highest common factor of 732 and 23241.
183
Calculate the highest common factor of 197374 and 1066.
82
Calculate the highest common divisor of 5738 and 8854.
38
Calculate the highest common factor of 6270 and 1223904.
1254
What is the greatest common factor of 60158 and 469?
7
Calculate the highest common factor of 7107 and 48.
3
What is the highest common divisor of 36 and 12213?
9
Calculate the greatest common divisor of 14018 and 278.
2
What is the greatest common factor of 1581 and 6018?
51
Calculate the greatest common divisor of 19122 and 102.
6
Calculate the highest common divisor of 7685 and 13340.
145
Calculate the greatest common divisor of 14518 and 112.
14
What is the greatest common factor of 109242 and 4158?
378
Calculate the greatest common factor of 6656 and 338.
26
What is the greatest common factor of 1552 and 500908?
388
Calculate the greatest common factor of 1164 and 852.
12
What is the greatest common factor of 32882 and 1599?
41
Calculate the highest common divisor of 696245 and 55.
55
Calculate the greatest common factor of 2780 and 14443490.
1390
Calculate the greatest common divisor of 159 and 2373711.
159
What is the highest common divisor of 46835 and 380?
95
Calculate the greatest common divisor of 5874 and 9834.
66
What is the highest common factor of 11580 and 384?
12
Calculate the greatest common factor of 12 and 1387776.
12
What is the highest common factor of 5177 and 1169?
167
Calculate the greatest common factor of 36 and 10924.
4
What is the greatest common divisor of 227640 and 271?
271
Calculate the highest common divisor of 9840 and 186360.
120
Calculate the greatest common divisor of 80 and 19676.
4
Calculate the highest common factor of 11431 and 4669.
161
Calculate the highest common divisor of 1782 and 1.
1
What is the greatest common divisor of 400 and 35325?
25
What is the highest common divisor of 1199 and 5489?
11
Calculate the highest common divisor of 567864 and 4158.
594
Calculate the greatest common divisor of 14864 and 4096.
16
Calculate the highest common divisor of 93 and 4503.
3
Calculate the greatest common factor of 6902 and 1428.
238
What is the greatest common divisor of 1374 and 678298?
458
Calculate the highest common factor of 90 and 161415.
45
Calculate the greatest common divisor of 599 and 20.
1
Calculate the highest common divisor of 43798 and 60312.
718
What is the highest common factor of 1416 and 790836?
708
What is the greatest common divisor of 1408395 and 15?
15
Calculate the greatest common divisor of 102831 and 18573.
453
What is the highest common factor of 435 and 1145645?
145
What is the greatest common divisor of 9380 and 266980?
140
Calculate the highest common divisor of 281765 and 935.
55
Calculate the highest common divisor of 75 and 84675.
75
What is the greatest common factor of 6005 and 125?
5
Calculate the highest common factor of 438264 and 27.
27
Calculate the greatest common factor of 1887 and 11560.
17
What is the greatest common factor of 659 and 1317341?
659
What is the greatest common divisor of 2146 and 50542?
74
Calculate the highest common divisor of 12740 and 513520.
980
Calculate the highest common factor of 3145 and 477485.
185
What is the greatest common divisor of 130 and 5853510?
130
What is the greatest common divisor of 22 and 356851?
11
What is the greatest common divisor of 21494 and 110?
22
Calculate the greatest common factor of 2632329 and 9.
9
Calculate the highest common factor of 22050 and 234.
18
What is the highest common divisor of 9801 and 10287?
81
What is the greatest common factor of 94 and 581014?
94
Calculate the greatest common factor of 34465 and 9605.
565
What is the greatest common divisor of 264407 and 143?
143
Calculate the greatest common factor of 13392 and 3937.
31
What is the highest common divisor of 2569 and 2317?
7
What is the highest common factor of 1452 and 1181202?
726
Calculate the highest common divisor of 1604 and 40902.
802
Calculate the greatest common divisor of 4 and 5342.
2
Calculate the highest common divisor of 167502 and 12.
6
Calculate the greatest common divisor of 2135 and 219295.
305
What is the greatest common factor of 98 and 27881?
49
Calculate the greatest common factor of 4706 and 11222.
362
What is the greatest common divisor of 6776 and 350?
14
What is the greatest common factor of 2668 and 950475?
667
Calculate the greatest common factor of 10 and 414130.
10
What is the greatest common